, -4*k = 4*a - 212. What is the greatest common divisor of 26 and a?
26
Suppose -d + 5*j - 10 = 0, 4*d - 6*j - 8 = -2*j. Suppose -s = 2*t + 2*s - 5, -d*t = -s - 4. What is the greatest common factor of t and 1?
1
Suppose -10*m + 800 = -2*m. Calculate the greatest common factor of m and 25.
25
Let v = 1 + 3. Suppose 0 = -v*b - 8, 4*b + 68 = 7*z - 2*z. Calculate the highest common factor of 12 and z.
12
Let w = 6 + 4. Suppose 2*p - 12 = -p. What is the greatest common divisor of w and p?
2
Suppose 2*y + 140 = 3*z - 0*y, -5*z + 230 = -5*y. Let p be (z/14)/(1/(-7)). Let q = 52 + p. Calculate the highest common factor of q and 70.
14
Suppose 2 - 20 = -9*d. What is the highest common divisor of 4 and d?
2
Let w(l) = l**3 - 4*l**2 + 4*l + 2. Let h be w(4). What is the highest common divisor of h and 162?
18
Let q = -6 + 13. Suppose -5*a + q = -3. Suppose y = a*f - 39, -2*y + 13 + 35 = 3*f. Calculate the greatest common factor of 45 and f.
9
Suppose -2*g + 7*g - 15 = 0. Suppose q + 8 = g*q. Calculate the greatest common divisor of q and 10.
2
Let j be (1 + -2)/((-60)/55 + 1). What is the greatest common factor of 55 and j?
11
Let x(r) = 19*r**3 - r**2 + r - 1. Let l be x(1). Suppose 55 = 5*w - 3*d - 2*d, -w = -5*d - 19. Calculate the highest common divisor of w and l.
9
Let u be (-1 + 3/5)*-25. Let b(c) = -c**3 + 6*c**2 + 13*c - 8. Let i be b(6). What is the highest common factor of u and i?
10
Let f be (-5)/((-10)/4) + 3. Suppose -4*l = -f - 7. Calculate the highest common factor of l and 3.
3
Suppose -6 = -a - 3*o, 2*a - 28 = -a - 4*o. Calculate the greatest common factor of 24 and a.
12
Let c be 16/1*35/7. What is the highest common factor of c and 10?
10
Suppose 0 = -k - 5*d + 20, -5*k + 5*d - 3*d = 8. Suppose -4*l + k*l + w + 577 = 0, -2*l + 3*w + 291 = 0. Calculate the greatest common divisor of l and 18.
18
Let a be (-3)/(-2)*((-32)/(-3) + -4). Calculate the greatest common factor of 15 and a.
5
Suppose 5*i = -5*t - 45, 3*t + 2 = 2*t. Let b = 9 + i. Suppose -b*q - 4*p = -18, 2*q + 3*p - 3 = 4*q. What is the highest common divisor of 33 and q?
3
Let x be (12/10)/((-2)/20). Let k be (-2742)/x - (-2)/(-4). Suppose -3*w + 96 = -k. Calculate the greatest common factor of w and 12.
12
Let y(b) = 14*b. Let v be y(4). Suppose -4 = 4*h - 2*u - 60, -56 = -4*h - 2*u. Calculate the highest common factor of h and v.
14
Let l = -75 - -94. Calculate the highest common divisor of l and 209.
19
Suppose -2*l + 6 = -0*l. Let o be 1*-1 - (-119)/17. Let q be ((-2)/o)/(2/(-72)). Calculate the greatest common divisor of q and l.
3
Let a be -2 - (3 + 4 + -11). Let g be -2*1*(-1 + 0). Calculate the highest common divisor of a and g.
2
Let n = -56 + 80. Let s = n - 14. Suppose -5*j + 4*j - q + s = 0, -2*q - 64 = -5*j. What is the highest common factor of 60 and j?
12
Let z(f) = -f**2 - 12*f + 4. Let d be z(-6). Let b = -9 + 19. What is the highest common factor of d and b?
10
Let w(b) = 4*b**3 - 4*b**2 + 3*b - 2. Let r be w(2). Let a = 40 - r. Let x = -130 - -290. What is the highest common divisor of x and a?
20
Let a = 0 - -9. Let v = a + -5. Suppose -2*t = v*q - 0*q - 50, -58 = -5*q + 2*t. Calculate the highest common factor of 30 and q.
6
Let s = 3 + -14. Let w be (-19)/(-4)*(0 - -4). Let l = s + w. What is the highest common factor of l and 4?
4
Let j = 49 + -10. Calculate the highest common factor of j and 13.
13
Let b = 8 - 3. Let g = 35 - 0. Calculate the greatest common divisor of g and b.
5
Suppose 406 = 4*k - 5*n, -2*k + 244 = -n + 44. Let o = 1 + 1. Suppose 7*w - o*d = 3*w + 46, -2*w + 20 = 2*d. What is the highest common divisor of k and w?
11
Let a be (15/4)/(6/672*4). What is the highest common divisor of 70 and a?
35
Let b = -83 - -146. What is the highest common divisor of 42 and b?
21
Suppose 2*g - 12 = 6. What is the highest common factor of 54 and g?
9
Let v(c) = 5*c + 25. Let u be v(12). What is the greatest common divisor of 17 and u?
17
Let l(r) = 19*r**2 - 4*r + 4. Let i be l(2). What is the greatest common divisor of i and 8?
8
Let v(c) = c**2 - 5*c - 1. Let x(y) = 2*y**2 + 2*y + 1. Let k be x(-1). Let l be 30/4 - k/2. Let m be v(l). Calculate the greatest common factor of 143 and m.
13
Suppose -3*h + 7 = -5, -20 = -4*t + 4*h. Suppose 2*g = b - 6 + 1, 20 = -5*g + 4*b. Let u be (-135)/(-3 + 0) + g. What is the greatest common factor of u and t?
9
Suppose 4*j = 0, 4*t + 7*j - 736 = 3*j. Suppose -12 = -4*w, -3*r = -2*r + 2*w - 29. Calculate the greatest common factor of t and r.
23
Let g be 6/(-3) + -1 + 1. Let m be 1/g - 1/(-2). Suppose m = k - 3 - 1. What is the highest common divisor of 1 and k?
1
Let t be (-46)/(-14) + (-2)/7. Suppose -t*g = 3*j - 39, g + 0*j = -2*j + 18. What is the highest common divisor of 64 and g?
8
Suppose 125 = -2*t + 31. Let b = 80 + t. Suppose 18 = 2*l + 2*d - 10, 2*d - 17 = -l. What is the greatest common factor of l and b?
11
Let b(n) = -30*n**3 + 2*n + 2. Let m be b(-1). What is the highest common divisor of 18 and m?
6
Let r(p) = p. Let d be r(-1). Let i be d - 4/(8/(-42)). Let k be (-74)/(-9) + i/(-90). Calculate the highest common divisor of k and 72.
8
Suppose 5*o = x + 15 + 2, 3*x - 4*o = 4. Let r be ((-22)/(-44))/(2/28). Let a = r + x. Calculate the greatest common divisor of 3 and a.
3
Suppose i + 37 = 4*h, -2*h = 4*i + i - 13. Calculate the greatest common divisor of h and 45.
9
Let k = 85 + -59. Calculate the greatest common divisor of 65 and k.
13
Let z(m) = -m**3 + 20*m**2 - 26*m - 24. Let d be z(19). Let l = -102 - d. What is the greatest common factor of 11 and l?
11
Let z(a) = -a**2 + 4*a + 5. Let k be z(4). Let i(c) = c**3 - 6*c**2 + 3. Let o be i(k). Let b = o - -34. What is the highest common factor of b and 24?
12
Let l be (-8 + -50)/(1/(-2)). What is the greatest common factor of 29 and l?
29
Let q(k) be the second derivative of 2*k**3/3 + k**2/2 + k. Let f be q(5). Suppose 67 = -9*u + 193. What is the greatest common divisor of u and f?
7
Let y = 29 + -9. Calculate the greatest common divisor of y and 8.
4
Let b = 96 - 11. Calculate the greatest common factor of 34 and b.
17
Let l(m) = 2*m - 1. Let s be l(7). What is the greatest common factor of s and 104?
13
Suppose -b = 4*b - 35. What is the greatest common divisor of 14 and b?
7
Let b be -3 - 0 - 1022/(-14). Calculate the highest common factor of b and 10.
10
Let q = -114 - -174. What is the highest common divisor of 15 and q?
15
Let j be 10/(-2) - (1 - -1). Let q = j + 13. Let f = -4 + q. Calculate the greatest common factor of f and 10.
2
Let o = -55 - -69. Let z(w) = 4*w**2 - 3*w - 1. Let a be z(-2). What is the greatest common divisor of o and a?
7
Suppose -5*m - 5*i = -27 - 193, 0 = -3*m + 2*i + 107. Let q = -19 + m. Suppose -3*f = -f - q. What is the greatest common factor of f and 30?
10
Let q(g) = 3*g**2 + 9*g + 10. Let n be q(-5). What is the highest common factor of n and 16?
8
Let j be (-78)/9*-8*6/4. Calculate the highest common factor of 13 and j.
13
Let l = 143 - 53. Suppose -6*c + l = -c. Calculate the highest common divisor of 54 and c.
18
Suppose -5*d + 6 = -2*d. Let u be 3 + -4 + (16 - d). Calculate the greatest common factor of u and 65.
13
Suppose -5*v + 2*v + 21 = 0. What is the greatest common factor of 35 and v?
7
Suppose l = -3*q - 8, 4*l - 3*l - q - 4 = 0. Calculate the highest common factor of l and 1.
1
Let k be 8/(-12) + (-16)/(-6). What is the greatest common factor of k and 10?
2
Suppose 0 = 5*a + 4*q - 95, -2*q + 59 = 3*a - 0*q. What is the highest common factor of a and 92?
23
Let n be 10*(-4 - 69/(-15)). Suppose 4*b + 5*m = 180, -2*b - 8*m + 3*m + 90 = 0. Suppose -v + 9 + b = 0. What is the greatest common factor of v and n?
6
Let c be 3/((-9)/(-3)) + -1. Suppose c = -2*o - 1 + 7. Let s = o + 3. Calculate the greatest common factor of 12 and s.
6
Suppose -3*z + 5*z - 276 = -5*m, 3*m + 2*z - 164 = 0. What is the highest common divisor of m and 7?
7
Let l = 30 - 13. Calculate the greatest common divisor of l and 17.
17
Suppose -2*r = 1 - 17. Suppose 0 = -2*y - v + 1, -4 = -2*y + v + 3. What is the highest common factor of y and r?
2
Let c(n) be the second derivative of 29*n**4/12 - n**3/6 + n. Let r be c(1). Calculate the greatest common divisor of 14 and r.
14
Let h = -53 + 58. What is the highest common d